{"id":4794,"date":"2024-02-09T17:33:48","date_gmt":"2024-02-09T16:33:48","guid":{"rendered":"https:\/\/www.paulinemorin.com\/?page_id=4794"},"modified":"2024-02-12T10:36:09","modified_gmt":"2024-02-12T09:36:09","slug":"flash-disponibles","status":"publish","type":"page","link":"https:\/\/www.paulinemorin.com\/index.php\/flash-disponibles\/","title":{"rendered":"Tatouages disponibles (Flash)"},"content":{"rendered":"<h1><\/h1>\n<p><img loading=\"lazy\" class=\"alignnone wp-image-4805 size-large\" src=\"https:\/\/www.paulinemorin.com\/wp-content\/uploads\/2024\/02\/F5585C32-5953-4C80-8C20-9734179ED0B7-1024x1024.jpeg\" alt=\"\" width=\"648\" height=\"648\" srcset=\"https:\/\/www.paulinemorin.com\/wp-content\/uploads\/2024\/02\/F5585C32-5953-4C80-8C20-9734179ED0B7-1024x1024.jpeg 1024w, https:\/\/www.paulinemorin.com\/wp-content\/uploads\/2024\/02\/F5585C32-5953-4C80-8C20-9734179ED0B7-300x300.jpeg 300w, https:\/\/www.paulinemorin.com\/wp-content\/uploads\/2024\/02\/F5585C32-5953-4C80-8C20-9734179ED0B7-150x150.jpeg 150w, https:\/\/www.paulinemorin.com\/wp-content\/uploads\/2024\/02\/F5585C32-5953-4C80-8C20-9734179ED0B7-768x768.jpeg 768w, https:\/\/www.paulinemorin.com\/wp-content\/uploads\/2024\/02\/F5585C32-5953-4C80-8C20-9734179ED0B7-1536x1536.jpeg 1536w, https:\/\/www.paulinemorin.com\/wp-content\/uploads\/2024\/02\/F5585C32-5953-4C80-8C20-9734179ED0B7-2048x2048.jpeg 2048w, https:\/\/www.paulinemorin.com\/wp-content\/uploads\/2024\/02\/F5585C32-5953-4C80-8C20-9734179ED0B7-60x60.jpeg 60w\" sizes=\"(max-width: 648px) 100vw, 648px\" \/><\/p>\n<h1><\/h1>\n<h1><\/h1>\n<p><img loading=\"lazy\" class=\"alignnone size-large wp-image-4800\" src=\"https:\/\/www.paulinemorin.com\/wp-content\/uploads\/2024\/02\/0ADD5E9E-80C0-44D7-9544-9D3520268017-1024x1024.jpeg\" alt=\"\" width=\"648\" height=\"648\" srcset=\"https:\/\/www.paulinemorin.com\/wp-content\/uploads\/2024\/02\/0ADD5E9E-80C0-44D7-9544-9D3520268017-1024x1024.jpeg 1024w, https:\/\/www.paulinemorin.com\/wp-content\/uploads\/2024\/02\/0ADD5E9E-80C0-44D7-9544-9D3520268017-300x300.jpeg 300w, https:\/\/www.paulinemorin.com\/wp-content\/uploads\/2024\/02\/0ADD5E9E-80C0-44D7-9544-9D3520268017-150x150.jpeg 150w, https:\/\/www.paulinemorin.com\/wp-content\/uploads\/2024\/02\/0ADD5E9E-80C0-44D7-9544-9D3520268017-768x768.jpeg 768w, https:\/\/www.paulinemorin.com\/wp-content\/uploads\/2024\/02\/0ADD5E9E-80C0-44D7-9544-9D3520268017-1536x1536.jpeg 1536w, https:\/\/www.paulinemorin.com\/wp-content\/uploads\/2024\/02\/0ADD5E9E-80C0-44D7-9544-9D3520268017-2048x2048.jpeg 2048w, https:\/\/www.paulinemorin.com\/wp-content\/uploads\/2024\/02\/0ADD5E9E-80C0-44D7-9544-9D3520268017-60x60.jpeg 60w\" sizes=\"(max-width: 648px) 100vw, 648px\" \/><\/p>\n<p><img loading=\"lazy\" class=\"alignnone size-large wp-image-4803\" src=\"https:\/\/www.paulinemorin.com\/wp-content\/uploads\/2024\/02\/23B724C7-A94E-4161-864E-C2BB2BF3B92B-1024x1024.jpeg\" alt=\"\" width=\"648\" height=\"648\" srcset=\"https:\/\/www.paulinemorin.com\/wp-content\/uploads\/2024\/02\/23B724C7-A94E-4161-864E-C2BB2BF3B92B-1024x1024.jpeg 1024w, https:\/\/www.paulinemorin.com\/wp-content\/uploads\/2024\/02\/23B724C7-A94E-4161-864E-C2BB2BF3B92B-300x300.jpeg 300w, https:\/\/www.paulinemorin.com\/wp-content\/uploads\/2024\/02\/23B724C7-A94E-4161-864E-C2BB2BF3B92B-150x150.jpeg 150w, https:\/\/www.paulinemorin.com\/wp-content\/uploads\/2024\/02\/23B724C7-A94E-4161-864E-C2BB2BF3B92B-768x768.jpeg 768w, https:\/\/www.paulinemorin.com\/wp-content\/uploads\/2024\/02\/23B724C7-A94E-4161-864E-C2BB2BF3B92B-1536x1536.jpeg 1536w, https:\/\/www.paulinemorin.com\/wp-content\/uploads\/2024\/02\/23B724C7-A94E-4161-864E-C2BB2BF3B92B-2048x2048.jpeg 2048w, https:\/\/www.paulinemorin.com\/wp-content\/uploads\/2024\/02\/23B724C7-A94E-4161-864E-C2BB2BF3B92B-60x60.jpeg 60w\" sizes=\"(max-width: 648px) 100vw, 648px\" \/><\/p>\n<h1><\/h1>\n<h1><\/h1>\n<p><img loading=\"lazy\" class=\"alignnone wp-image-4801 size-large\" src=\"https:\/\/www.paulinemorin.com\/wp-content\/uploads\/2024\/02\/0CCF7285-3FF8-4634-A58A-B57AFCE8C276-1024x1024.jpeg\" alt=\"\" width=\"648\" height=\"648\" srcset=\"https:\/\/www.paulinemorin.com\/wp-content\/uploads\/2024\/02\/0CCF7285-3FF8-4634-A58A-B57AFCE8C276-1024x1024.jpeg 1024w, https:\/\/www.paulinemorin.com\/wp-content\/uploads\/2024\/02\/0CCF7285-3FF8-4634-A58A-B57AFCE8C276-300x300.jpeg 300w, https:\/\/www.paulinemorin.com\/wp-content\/uploads\/2024\/02\/0CCF7285-3FF8-4634-A58A-B57AFCE8C276-150x150.jpeg 150w, https:\/\/www.paulinemorin.com\/wp-content\/uploads\/2024\/02\/0CCF7285-3FF8-4634-A58A-B57AFCE8C276-768x768.jpeg 768w, https:\/\/www.paulinemorin.com\/wp-content\/uploads\/2024\/02\/0CCF7285-3FF8-4634-A58A-B57AFCE8C276-1536x1536.jpeg 1536w, https:\/\/www.paulinemorin.com\/wp-content\/uploads\/2024\/02\/0CCF7285-3FF8-4634-A58A-B57AFCE8C276-2048x2048.jpeg 2048w, https:\/\/www.paulinemorin.com\/wp-content\/uploads\/2024\/02\/0CCF7285-3FF8-4634-A58A-B57AFCE8C276-60x60.jpeg 60w\" sizes=\"(max-width: 648px) 100vw, 648px\" \/><\/p>\n<h1><\/h1>\n<h1><\/h1>\n<h1><img loading=\"lazy\" class=\"alignnone size-large wp-image-4808\" src=\"https:\/\/www.paulinemorin.com\/wp-content\/uploads\/2024\/02\/constellations-top-qualite\u0301-1024x1024.jpeg\" alt=\"\" width=\"648\" height=\"648\" srcset=\"https:\/\/www.paulinemorin.com\/wp-content\/uploads\/2024\/02\/constellations-top-qualite\u0301-1024x1024.jpeg 1024w, https:\/\/www.paulinemorin.com\/wp-content\/uploads\/2024\/02\/constellations-top-qualite\u0301-300x300.jpeg 300w, https:\/\/www.paulinemorin.com\/wp-content\/uploads\/2024\/02\/constellations-top-qualite\u0301-150x150.jpeg 150w, https:\/\/www.paulinemorin.com\/wp-content\/uploads\/2024\/02\/constellations-top-qualite\u0301-768x768.jpeg 768w, https:\/\/www.paulinemorin.com\/wp-content\/uploads\/2024\/02\/constellations-top-qualite\u0301-1536x1536.jpeg 1536w, https:\/\/www.paulinemorin.com\/wp-content\/uploads\/2024\/02\/constellations-top-qualite\u0301-2048x2048.jpeg 2048w, https:\/\/www.paulinemorin.com\/wp-content\/uploads\/2024\/02\/constellations-top-qualite\u0301-60x60.jpeg 60w\" sizes=\"(max-width: 648px) 100vw, 648px\" \/><\/h1>\n<h1><\/h1>\n<h1><span style=\"color: #800080;\"><img loading=\"lazy\" class=\"alignnone wp-image-4804 size-large\" style=\"color: #333333; font-size: 16px;\" src=\"https:\/\/www.paulinemorin.com\/wp-content\/uploads\/2024\/02\/D22AFFE2-41AC-465B-9B71-9E639DBFCCE1-1024x1024.jpeg\" alt=\"\" width=\"648\" height=\"648\" srcset=\"https:\/\/www.paulinemorin.com\/wp-content\/uploads\/2024\/02\/D22AFFE2-41AC-465B-9B71-9E639DBFCCE1-1024x1024.jpeg 1024w, https:\/\/www.paulinemorin.com\/wp-content\/uploads\/2024\/02\/D22AFFE2-41AC-465B-9B71-9E639DBFCCE1-300x300.jpeg 300w, https:\/\/www.paulinemorin.com\/wp-content\/uploads\/2024\/02\/D22AFFE2-41AC-465B-9B71-9E639DBFCCE1-150x150.jpeg 150w, https:\/\/www.paulinemorin.com\/wp-content\/uploads\/2024\/02\/D22AFFE2-41AC-465B-9B71-9E639DBFCCE1-768x768.jpeg 768w, https:\/\/www.paulinemorin.com\/wp-content\/uploads\/2024\/02\/D22AFFE2-41AC-465B-9B71-9E639DBFCCE1-1536x1536.jpeg 1536w, https:\/\/www.paulinemorin.com\/wp-content\/uploads\/2024\/02\/D22AFFE2-41AC-465B-9B71-9E639DBFCCE1-2048x2048.jpeg 2048w, https:\/\/www.paulinemorin.com\/wp-content\/uploads\/2024\/02\/D22AFFE2-41AC-465B-9B71-9E639DBFCCE1-60x60.jpeg 60w\" sizes=\"(max-width: 648px) 100vw, 648px\" \/><\/span><\/h1>\n<p>&nbsp;<\/p>\n<h1><\/h1>\n<p><img loading=\"lazy\" class=\"alignnone size-large wp-image-4810\" src=\"https:\/\/www.paulinemorin.com\/wp-content\/uploads\/2024\/02\/Tarifs-576x1024.png\" alt=\"\" width=\"576\" height=\"1024\" srcset=\"https:\/\/www.paulinemorin.com\/wp-content\/uploads\/2024\/02\/Tarifs-576x1024.png 576w, https:\/\/www.paulinemorin.com\/wp-content\/uploads\/2024\/02\/Tarifs-169x300.png 169w, https:\/\/www.paulinemorin.com\/wp-content\/uploads\/2024\/02\/Tarifs-768x1365.png 768w, https:\/\/www.paulinemorin.com\/wp-content\/uploads\/2024\/02\/Tarifs-864x1536.png 864w, https:\/\/www.paulinemorin.com\/wp-content\/uploads\/2024\/02\/Tarifs-1152x2048.png 1152w\" sizes=\"(max-width: 576px) 100vw, 576px\" \/><\/p>\n<p>d&rsquo;autres grilles arrivent \ud83d\ude42<\/p>\n<p>Tatouages r\u00e9alis\u00e9s selon des r\u00e8gles d&rsquo;hygi\u00e8ne tr\u00e8s strictes avec produits aux normes europ\u00e9ennes, encres R.E.A.C.H et produits vegan et cruelty free.<\/p>\n","protected":false},"excerpt":{"rendered":"<p>&nbsp; d&rsquo;autres grilles arrivent \ud83d\ude42 Tatouages r\u00e9alis\u00e9s selon des r\u00e8gles d&rsquo;hygi\u00e8ne tr\u00e8s strictes avec produits aux normes europ\u00e9ennes, encres R.E.A.C.H et produits vegan et cruelty free.<\/p>\n","protected":false},"author":1,"featured_media":0,"parent":0,"menu_order":0,"comment_status":"closed","ping_status":"closed","template":"","meta":[],"_links":{"self":[{"href":"https:\/\/www.paulinemorin.com\/index.php\/wp-json\/wp\/v2\/pages\/4794"}],"collection":[{"href":"https:\/\/www.paulinemorin.com\/index.php\/wp-json\/wp\/v2\/pages"}],"about":[{"href":"https:\/\/www.paulinemorin.com\/index.php\/wp-json\/wp\/v2\/types\/page"}],"author":[{"embeddable":true,"href":"https:\/\/www.paulinemorin.com\/index.php\/wp-json\/wp\/v2\/users\/1"}],"replies":[{"embeddable":true,"href":"https:\/\/www.paulinemorin.com\/index.php\/wp-json\/wp\/v2\/comments?post=4794"}],"version-history":[{"count":8,"href":"https:\/\/www.paulinemorin.com\/index.php\/wp-json\/wp\/v2\/pages\/4794\/revisions"}],"predecessor-version":[{"id":4819,"href":"https:\/\/www.paulinemorin.com\/index.php\/wp-json\/wp\/v2\/pages\/4794\/revisions\/4819"}],"wp:attachment":[{"href":"https:\/\/www.paulinemorin.com\/index.php\/wp-json\/wp\/v2\/media?parent=4794"}],"curies":[{"name":"wp","href":"https:\/\/api.w.org\/{rel}","templated":true}]}}